{"id":2442,"date":"2023-01-06T16:56:38","date_gmt":"2023-01-06T15:56:38","guid":{"rendered":"https:\/\/www.fromagerieantony.fr\/fromage\/fourme-dambert\/"},"modified":"2023-11-20T18:55:00","modified_gmt":"2023-11-20T17:55:00","slug":"fourme-dambert","status":"publish","type":"fromage","link":"https:\/\/www.fromagerieantony.fr\/de\/fromage\/fourme-dambert\/","title":{"rendered":"Fourme d&#8217;Ambert"},"content":{"rendered":"\n<p>Die Familie Vergnol, die Verfechter des Fourme d&#8217;Ambert fermi\u00e8re.<\/p>\n\n<p>Die Auvergne ist die l\u00e4ndlichste Region des Landes, ein Land, in dem viele b\u00e4uerliche Traditionen fortbestehen, in dem aber auch gro\u00dfe, fast industrielle Strukturen gedeihen. Dieser Widerspruch findet sich in seinen g.U. wieder, wo sich sowohl der Bauer als auch die gro\u00dfe Molkerei hinter demselben Namen verstecken k\u00f6nnen.<\/p>\n\n<p>Wir vertrauen unsererseits der Familie Vergnol, die im Puy-de-D\u00f4me in der N\u00e4he des Puy de Sancy auf dem Bauernhof produziert. Die K\u00e4segeschichte dieser Familie ist sehr alt, und die Geschichte des Fourme d&#8217;Ambert ist noch \u00e4lter, da die Legende von seiner Herstellung in der gallo-r\u00f6mischen Zeit berichtet.<\/p>\n\n<p>Der Fourme d&#8217;Ambert fermi\u00e8re der Br\u00fcder Vergnol hat ein sch\u00f6nes Granitaussehen, einige ockerfarbene Pigmentierungen, die fast wie Felsen aussehen, laden sich manchmal w\u00e4hrend der Reifung ein. Der Geruch erinnert an einen feuchten Keller, der mit Penicillium roqueforti geimpfte Teig bietet einen recht unauff\u00e4lligen und gut verteilten Schimmelbefall. Im Mund sind die Pilzaromen pr\u00e4sent, aber ohne \u00fcberm\u00e4\u00dfig zu dominieren, es werden viele pflanzliche Noten freigesetzt, die in Richtung Unterholz und Humus tendieren, das Ganze wird von einer s\u00fc\u00dfen Creme getragen. Dieser K\u00e4se ist einer der mildesten Blauschimmelk\u00e4se, die wir anbieten.<\/p>\n","protected":false},"excerpt":{"rendered":"<p>Die Familie Vergnol, die Verfechter des Fourme d&#8217;Ambert fermi\u00e8re.<\/p>\n","protected":false},"featured_media":4698,"template":"","meta":{"_acf_changed":false,"footnotes":""},"types_fromage":[35],"class_list":["post-2442","fromage","type-fromage","status-publish","has-post-thumbnail","hentry","types_fromage-blau-schimmel-kaese"],"acf":[],"yoast_head":"<!-- This site is optimized with the Yoast SEO plugin v25.5 - https:\/\/yoast.com\/wordpress\/plugins\/seo\/ -->\n<title>Fourme d&#039;Ambert | Fromagerie Antony<\/title>\n<meta name=\"robots\" content=\"index, follow, max-snippet:-1, max-image-preview:large, max-video-preview:-1\" \/>\n<link rel=\"canonical\" href=\"https:\/\/www.fromagerieantony.fr\/de\/fromage\/fourme-dambert\/\" \/>\n<meta property=\"og:locale\" content=\"de_DE\" \/>\n<meta property=\"og:type\" content=\"article\" \/>\n<meta property=\"og:title\" content=\"Fourme d&#039;Ambert | Fromagerie Antony\" \/>\n<meta property=\"og:description\" content=\"Die Familie Vergnol, die Verfechter des Fourme d&#039;Ambert fermi\u00e8re.\" \/>\n<meta property=\"og:url\" content=\"https:\/\/www.fromagerieantony.fr\/de\/fromage\/fourme-dambert\/\" \/>\n<meta property=\"og:site_name\" content=\"Fromagerie Antony\" \/>\n<meta property=\"article:publisher\" content=\"https:\/\/www.facebook.com\/pages\/Fromagerie-Antony\/175485739234966\" \/>\n<meta property=\"article:modified_time\" content=\"2023-11-20T17:55:00+00:00\" \/>\n<meta property=\"og:image\" content=\"https:\/\/www.fromagerieantony.fr\/wp-content\/uploads\/2023\/09\/Fourme-dambert.jpg\" \/>\n\t<meta property=\"og:image:width\" content=\"825\" \/>\n\t<meta property=\"og:image:height\" content=\"647\" \/>\n\t<meta property=\"og:image:type\" content=\"image\/jpeg\" \/>\n<meta name=\"twitter:card\" content=\"summary_large_image\" \/>\n<meta name=\"twitter:label1\" content=\"Gesch\u00e4tzte Lesezeit\" \/>\n\t<meta name=\"twitter:data1\" content=\"1\u00a0Minute\" \/>\n<script type=\"application\/ld+json\" class=\"yoast-schema-graph\">{\"@context\":\"https:\/\/schema.org\",\"@graph\":[{\"@type\":\"WebPage\",\"@id\":\"https:\/\/www.fromagerieantony.fr\/de\/fromage\/fourme-dambert\/\",\"url\":\"https:\/\/www.fromagerieantony.fr\/de\/fromage\/fourme-dambert\/\",\"name\":\"Fourme d'Ambert | Fromagerie Antony\",\"isPartOf\":{\"@id\":\"https:\/\/www.fromagerieantony.fr\/de\/#website\"},\"primaryImageOfPage\":{\"@id\":\"https:\/\/www.fromagerieantony.fr\/de\/fromage\/fourme-dambert\/#primaryimage\"},\"image\":{\"@id\":\"https:\/\/www.fromagerieantony.fr\/de\/fromage\/fourme-dambert\/#primaryimage\"},\"thumbnailUrl\":\"https:\/\/www.fromagerieantony.fr\/wp-content\/uploads\/2023\/01\/Fourme-dambert-1.png\",\"datePublished\":\"2023-01-06T15:56:38+00:00\",\"dateModified\":\"2023-11-20T17:55:00+00:00\",\"breadcrumb\":{\"@id\":\"https:\/\/www.fromagerieantony.fr\/de\/fromage\/fourme-dambert\/#breadcrumb\"},\"inLanguage\":\"de\",\"potentialAction\":[{\"@type\":\"ReadAction\",\"target\":[\"https:\/\/www.fromagerieantony.fr\/de\/fromage\/fourme-dambert\/\"]}]},{\"@type\":\"ImageObject\",\"inLanguage\":\"de\",\"@id\":\"https:\/\/www.fromagerieantony.fr\/de\/fromage\/fourme-dambert\/#primaryimage\",\"url\":\"https:\/\/www.fromagerieantony.fr\/wp-content\/uploads\/2023\/01\/Fourme-dambert-1.png\",\"contentUrl\":\"https:\/\/www.fromagerieantony.fr\/wp-content\/uploads\/2023\/01\/Fourme-dambert-1.png\",\"width\":1024,\"height\":1024},{\"@type\":\"BreadcrumbList\",\"@id\":\"https:\/\/www.fromagerieantony.fr\/de\/fromage\/fourme-dambert\/#breadcrumb\",\"itemListElement\":[{\"@type\":\"ListItem\",\"position\":1,\"name\":\"Startseite\",\"item\":\"https:\/\/www.fromagerieantony.fr\/de\/\"},{\"@type\":\"ListItem\",\"position\":2,\"name\":\"K\u00e4se\",\"item\":\"https:\/\/www.fromagerieantony.fr\/de\/fromages\/\"},{\"@type\":\"ListItem\",\"position\":3,\"name\":\"Blauschimmelk\u00e4se\",\"item\":\"https:\/\/www.fromagerieantony.fr\/de\/type-fromage\/blau-schimmel-kaese\/\"},{\"@type\":\"ListItem\",\"position\":4,\"name\":\"Fourme d&#8217;Ambert\"}]},{\"@type\":\"WebSite\",\"@id\":\"https:\/\/www.fromagerieantony.fr\/de\/#website\",\"url\":\"https:\/\/www.fromagerieantony.fr\/de\/\",\"name\":\"Fromagerie Antony\",\"description\":\"Eleveur de fromages\",\"publisher\":{\"@id\":\"https:\/\/www.fromagerieantony.fr\/de\/#organization\"},\"potentialAction\":[{\"@type\":\"SearchAction\",\"target\":{\"@type\":\"EntryPoint\",\"urlTemplate\":\"https:\/\/www.fromagerieantony.fr\/de\/?s={search_term_string}\"},\"query-input\":{\"@type\":\"PropertyValueSpecification\",\"valueRequired\":true,\"valueName\":\"search_term_string\"}}],\"inLanguage\":\"de\"},{\"@type\":\"Organization\",\"@id\":\"https:\/\/www.fromagerieantony.fr\/de\/#organization\",\"name\":\"Fromagerie Antony\",\"url\":\"https:\/\/www.fromagerieantony.fr\/de\/\",\"logo\":{\"@type\":\"ImageObject\",\"inLanguage\":\"de\",\"@id\":\"https:\/\/www.fromagerieantony.fr\/de\/#\/schema\/logo\/image\/\",\"url\":\"https:\/\/www.fromagerieantony.fr\/wp-content\/uploads\/2022\/12\/logo.png\",\"contentUrl\":\"https:\/\/www.fromagerieantony.fr\/wp-content\/uploads\/2022\/12\/logo.png\",\"width\":249,\"height\":137,\"caption\":\"Fromagerie Antony\"},\"image\":{\"@id\":\"https:\/\/www.fromagerieantony.fr\/de\/#\/schema\/logo\/image\/\"},\"sameAs\":[\"https:\/\/www.facebook.com\/pages\/Fromagerie-Antony\/175485739234966\"]}]}<\/script>\n<!-- \/ Yoast SEO plugin. -->","yoast_head_json":{"title":"Fourme d'Ambert | Fromagerie Antony","robots":{"index":"index","follow":"follow","max-snippet":"max-snippet:-1","max-image-preview":"max-image-preview:large","max-video-preview":"max-video-preview:-1"},"canonical":"https:\/\/www.fromagerieantony.fr\/de\/fromage\/fourme-dambert\/","og_locale":"de_DE","og_type":"article","og_title":"Fourme d'Ambert | Fromagerie Antony","og_description":"Die Familie Vergnol, die Verfechter des Fourme d'Ambert fermi\u00e8re.","og_url":"https:\/\/www.fromagerieantony.fr\/de\/fromage\/fourme-dambert\/","og_site_name":"Fromagerie Antony","article_publisher":"https:\/\/www.facebook.com\/pages\/Fromagerie-Antony\/175485739234966","article_modified_time":"2023-11-20T17:55:00+00:00","og_image":[{"width":825,"height":647,"url":"https:\/\/www.fromagerieantony.fr\/wp-content\/uploads\/2023\/09\/Fourme-dambert.jpg","type":"image\/jpeg"}],"twitter_card":"summary_large_image","twitter_misc":{"Gesch\u00e4tzte Lesezeit":"1\u00a0Minute"},"schema":{"@context":"https:\/\/schema.org","@graph":[{"@type":"WebPage","@id":"https:\/\/www.fromagerieantony.fr\/de\/fromage\/fourme-dambert\/","url":"https:\/\/www.fromagerieantony.fr\/de\/fromage\/fourme-dambert\/","name":"Fourme d'Ambert | Fromagerie Antony","isPartOf":{"@id":"https:\/\/www.fromagerieantony.fr\/de\/#website"},"primaryImageOfPage":{"@id":"https:\/\/www.fromagerieantony.fr\/de\/fromage\/fourme-dambert\/#primaryimage"},"image":{"@id":"https:\/\/www.fromagerieantony.fr\/de\/fromage\/fourme-dambert\/#primaryimage"},"thumbnailUrl":"https:\/\/www.fromagerieantony.fr\/wp-content\/uploads\/2023\/01\/Fourme-dambert-1.png","datePublished":"2023-01-06T15:56:38+00:00","dateModified":"2023-11-20T17:55:00+00:00","breadcrumb":{"@id":"https:\/\/www.fromagerieantony.fr\/de\/fromage\/fourme-dambert\/#breadcrumb"},"inLanguage":"de","potentialAction":[{"@type":"ReadAction","target":["https:\/\/www.fromagerieantony.fr\/de\/fromage\/fourme-dambert\/"]}]},{"@type":"ImageObject","inLanguage":"de","@id":"https:\/\/www.fromagerieantony.fr\/de\/fromage\/fourme-dambert\/#primaryimage","url":"https:\/\/www.fromagerieantony.fr\/wp-content\/uploads\/2023\/01\/Fourme-dambert-1.png","contentUrl":"https:\/\/www.fromagerieantony.fr\/wp-content\/uploads\/2023\/01\/Fourme-dambert-1.png","width":1024,"height":1024},{"@type":"BreadcrumbList","@id":"https:\/\/www.fromagerieantony.fr\/de\/fromage\/fourme-dambert\/#breadcrumb","itemListElement":[{"@type":"ListItem","position":1,"name":"Startseite","item":"https:\/\/www.fromagerieantony.fr\/de\/"},{"@type":"ListItem","position":2,"name":"K\u00e4se","item":"https:\/\/www.fromagerieantony.fr\/de\/fromages\/"},{"@type":"ListItem","position":3,"name":"Blauschimmelk\u00e4se","item":"https:\/\/www.fromagerieantony.fr\/de\/type-fromage\/blau-schimmel-kaese\/"},{"@type":"ListItem","position":4,"name":"Fourme d&#8217;Ambert"}]},{"@type":"WebSite","@id":"https:\/\/www.fromagerieantony.fr\/de\/#website","url":"https:\/\/www.fromagerieantony.fr\/de\/","name":"Fromagerie Antony","description":"Eleveur de fromages","publisher":{"@id":"https:\/\/www.fromagerieantony.fr\/de\/#organization"},"potentialAction":[{"@type":"SearchAction","target":{"@type":"EntryPoint","urlTemplate":"https:\/\/www.fromagerieantony.fr\/de\/?s={search_term_string}"},"query-input":{"@type":"PropertyValueSpecification","valueRequired":true,"valueName":"search_term_string"}}],"inLanguage":"de"},{"@type":"Organization","@id":"https:\/\/www.fromagerieantony.fr\/de\/#organization","name":"Fromagerie Antony","url":"https:\/\/www.fromagerieantony.fr\/de\/","logo":{"@type":"ImageObject","inLanguage":"de","@id":"https:\/\/www.fromagerieantony.fr\/de\/#\/schema\/logo\/image\/","url":"https:\/\/www.fromagerieantony.fr\/wp-content\/uploads\/2022\/12\/logo.png","contentUrl":"https:\/\/www.fromagerieantony.fr\/wp-content\/uploads\/2022\/12\/logo.png","width":249,"height":137,"caption":"Fromagerie Antony"},"image":{"@id":"https:\/\/www.fromagerieantony.fr\/de\/#\/schema\/logo\/image\/"},"sameAs":["https:\/\/www.facebook.com\/pages\/Fromagerie-Antony\/175485739234966"]}]}},"_links":{"self":[{"href":"https:\/\/www.fromagerieantony.fr\/de\/wp-json\/wp\/v2\/fromage\/2442","targetHints":{"allow":["GET"]}}],"collection":[{"href":"https:\/\/www.fromagerieantony.fr\/de\/wp-json\/wp\/v2\/fromage"}],"about":[{"href":"https:\/\/www.fromagerieantony.fr\/de\/wp-json\/wp\/v2\/types\/fromage"}],"version-history":[{"count":3,"href":"https:\/\/www.fromagerieantony.fr\/de\/wp-json\/wp\/v2\/fromage\/2442\/revisions"}],"predecessor-version":[{"id":2457,"href":"https:\/\/www.fromagerieantony.fr\/de\/wp-json\/wp\/v2\/fromage\/2442\/revisions\/2457"}],"wp:featuredmedia":[{"embeddable":true,"href":"https:\/\/www.fromagerieantony.fr\/de\/wp-json\/wp\/v2\/media\/4698"}],"wp:attachment":[{"href":"https:\/\/www.fromagerieantony.fr\/de\/wp-json\/wp\/v2\/media?parent=2442"}],"wp:term":[{"taxonomy":"types_fromage","embeddable":true,"href":"https:\/\/www.fromagerieantony.fr\/de\/wp-json\/wp\/v2\/types_fromage?post=2442"}],"curies":[{"name":"wp","href":"https:\/\/api.w.org\/{rel}","templated":true}]}}

<p>Die Familie Vergnol, die Verfechter des Fourme d&#8217;Ambert fermière.</p>

<p>Die Auvergne ist die ländlichste Region des Landes, ein Land, in dem viele bäuerliche Traditionen fortbestehen, in dem aber auch große, fast industrielle Strukturen gedeihen. Dieser Widerspruch findet sich in seinen g.U. wieder, wo sich sowohl der Bauer als auch die große Molkerei hinter demselben Namen verstecken können.</p>

<p>Wir vertrauen unsererseits der Familie Vergnol, die im Puy-de-Dôme in der Nähe des Puy de Sancy auf dem Bauernhof produziert. Die Käsegeschichte dieser Familie ist sehr alt, und die Geschichte des Fourme d&#8217;Ambert ist noch älter, da die Legende von seiner Herstellung in der gallo-römischen Zeit berichtet.</p>

<p>Der Fourme d&#8217;Ambert fermière der Brüder Vergnol hat ein schönes Granitaussehen, einige ockerfarbene Pigmentierungen, die fast wie Felsen aussehen, laden sich manchmal während der Reifung ein. Der Geruch erinnert an einen feuchten Keller, der mit Penicillium roqueforti geimpfte Teig bietet einen recht unauffälligen und gut verteilten Schimmelbefall. Im Mund sind die Pilzaromen präsent, aber ohne übermäßig zu dominieren, es werden viele pflanzliche Noten freigesetzt, die in Richtung Unterholz und Humus tendieren, das Ganze wird von einer süßen Creme getragen. Dieser Käse ist einer der mildesten Blauschimmelkäse, die wir anbieten.</p>

<p>Die Familie Vergnol, die Verfechter des Fourme d&#8217;Ambert fermière.</p>

<!-- This site is optimized with the Yoast SEO plugin v25.5 - https://yoast.com/wordpress/plugins/seo/ -->
<title>Fourme d&#039;Ambert | Fromagerie Antony</title>
<meta name="robots" content="index, follow, max-snippet:-1, max-image-preview:large, max-video-preview:-1" />
<link rel="canonical" href="https://www.fromagerieantony.fr/de/fromage/fourme-dambert/" />
<meta property="og:locale" content="de_DE" />
<meta property="og:type" content="article" />
<meta property="og:title" content="Fourme d&#039;Ambert | Fromagerie Antony" />
<meta property="og:description" content="Die Familie Vergnol, die Verfechter des Fourme d&#039;Ambert fermière." />
<meta property="og:url" content="https://www.fromagerieantony.fr/de/fromage/fourme-dambert/" />
<meta property="og:site_name" content="Fromagerie Antony" />
<meta property="article:publisher" content="https://www.facebook.com/pages/Fromagerie-Antony/175485739234966" />
<meta property="article:modified_time" content="2023-11-20T17:55:00+00:00" />
<meta property="og:image" content="https://www.fromagerieantony.fr/wp-content/uploads/2023/09/Fourme-dambert.jpg" />
	<meta property="og:image:width" content="825" />
	<meta property="og:image:height" content="647" />
	<meta property="og:image:type" content="image/jpeg" />
<meta name="twitter:card" content="summary_large_image" />
<meta name="twitter:label1" content="Geschätzte Lesezeit" />
	<meta name="twitter:data1" content="1 Minute" />
<script type="application/ld+json" class="yoast-schema-graph">{"@context":"https://schema.org","@graph":[{"@type":"WebPage","@id":"https://www.fromagerieantony.fr/de/fromage/fourme-dambert/","url":"https://www.fromagerieantony.fr/de/fromage/fourme-dambert/","name":"Fourme d'Ambert | Fromagerie Antony","isPartOf":{"@id":"https://www.fromagerieantony.fr/de/#website"},"primaryImageOfPage":{"@id":"https://www.fromagerieantony.fr/de/fromage/fourme-dambert/#primaryimage"},"image":{"@id":"https://www.fromagerieantony.fr/de/fromage/fourme-dambert/#primaryimage"},"thumbnailUrl":"https://www.fromagerieantony.fr/wp-content/uploads/2023/01/Fourme-dambert-1.png","datePublished":"2023-01-06T15:56:38+00:00","dateModified":"2023-11-20T17:55:00+00:00","breadcrumb":{"@id":"https://www.fromagerieantony.fr/de/fromage/fourme-dambert/#breadcrumb"},"inLanguage":"de","potentialAction":[{"@type":"ReadAction","target":["https://www.fromagerieantony.fr/de/fromage/fourme-dambert/"]}]},{"@type":"ImageObject","inLanguage":"de","@id":"https://www.fromagerieantony.fr/de/fromage/fourme-dambert/#primaryimage","url":"https://www.fromagerieantony.fr/wp-content/uploads/2023/01/Fourme-dambert-1.png","contentUrl":"https://www.fromagerieantony.fr/wp-content/uploads/2023/01/Fourme-dambert-1.png","width":1024,"height":1024},{"@type":"BreadcrumbList","@id":"https://www.fromagerieantony.fr/de/fromage/fourme-dambert/#breadcrumb","itemListElement":[{"@type":"ListItem","position":1,"name":"Startseite","item":"https://www.fromagerieantony.fr/de/"},{"@type":"ListItem","position":2,"name":"Käse","item":"https://www.fromagerieantony.fr/de/fromages/"},{"@type":"ListItem","position":3,"name":"Blauschimmelkäse","item":"https://www.fromagerieantony.fr/de/type-fromage/blau-schimmel-kaese/"},{"@type":"ListItem","position":4,"name":"Fourme d&#8217;Ambert"}]},{"@type":"WebSite","@id":"https://www.fromagerieantony.fr/de/#website","url":"https://www.fromagerieantony.fr/de/","name":"Fromagerie Antony","description":"Eleveur de fromages","publisher":{"@id":"https://www.fromagerieantony.fr/de/#organization"},"potentialAction":[{"@type":"SearchAction","target":{"@type":"EntryPoint","urlTemplate":"https://www.fromagerieantony.fr/de/?s={search_term_string}"},"query-input":{"@type":"PropertyValueSpecification","valueRequired":true,"valueName":"search_term_string"}}],"inLanguage":"de"},{"@type":"Organization","@id":"https://www.fromagerieantony.fr/de/#organization","name":"Fromagerie Antony","url":"https://www.fromagerieantony.fr/de/","logo":{"@type":"ImageObject","inLanguage":"de","@id":"https://www.fromagerieantony.fr/de/#/schema/logo/image/","url":"https://www.fromagerieantony.fr/wp-content/uploads/2022/12/logo.png","contentUrl":"https://www.fromagerieantony.fr/wp-content/uploads/2022/12/logo.png","width":249,"height":137,"caption":"Fromagerie Antony"},"image":{"@id":"https://www.fromagerieantony.fr/de/#/schema/logo/image/"},"sameAs":["https://www.facebook.com/pages/Fromagerie-Antony/175485739234966"]}]}</script>
<!-- / Yoast SEO plugin. -->

Die Familie Vergnol, die Verfechter des Fourme d'Ambert fermière.

Käse

Blauschimmelkäse
