{"id":2452,"date":"2023-01-06T16:55:10","date_gmt":"2023-01-06T15:55:10","guid":{"rendered":"https:\/\/www.fromagerieantony.fr\/fromage\/comte-hors-dage\/"},"modified":"2023-11-20T18:53:56","modified_gmt":"2023-11-20T17:53:56","slug":"comte-hors-dage","status":"publish","type":"fromage","link":"https:\/\/www.fromagerieantony.fr\/de\/fromage\/comte-hors-dage\/","title":{"rendered":"Comt\u00e9 Hors d&#8217;Age"},"content":{"rendered":"\n<p>Dies ist der \u00e4lteste aller unserer Comt\u00e9-Crus.<\/p>\n\n<p>Der seltenste und begehrteste K\u00e4se, ein mythischer, ja sogar mystischer K\u00e4se, denn die Alchimie, die bei der Herstellung eines so alten K\u00e4ses abl\u00e4uft, ist zahlreich und nicht immer gut beherrscht, was wir mit Bescheidenheit anerkennen.<\/p>\n\n<p>Denn wie schon bei unserem Comt\u00e9 R\u00e9serve und unserem Comt\u00e9 Grande Garde erw\u00e4hnt, die alle einsame W\u00e4chter an der Grenze zwischen dem K\u00e4se, der altert, und dem, der reift, sind, was ist mit dem K\u00e4se, der zwischen 38 und 48 Monaten verkostet wird? Mehr als selten sind die St\u00fccke, die zu einer solchen Lagerung f\u00e4hig sind, und wir w\u00e4hlen sie trotz der Schwierigkeiten, die mit einer solchen Reifung einhergehen, weiterhin aus, da sie zum Symbol unseres Hauses und der Kunst der Reifung geworden sind.<\/p>\n\n<p>Wir bieten ihn jedoch sparsam an und weisen darauf hin, dass man sich bewusst sein muss, dass es sich hier nicht mehr um Comt\u00e9 handelt, sondern um einen anderen K\u00e4se, den man als Kenner oder zumindest mit Kenntnis der Sachlage genie\u00dfen sollte.<br\/>In diesem Alter ist die Kristallisation des Teigs auf dem H\u00f6hepunkt, die Kruste ist gequ\u00e4lter als je zuvor, und alles dr\u00fcckt den Ehrw\u00fcrdigen aus. Um ihn voll zu genie\u00dfen, muss man ihn in leichten Sp\u00e4nen probieren, denn die Salznoten sind hoch, die Kr\u00e4uter sind getrocknet, und obwohl noch ein wenig Fett vorhanden ist, ist die Materie streng, aber offen und direkt, ohne Vorrede. Man wird eine Unze Tr\u00fcffel, N\u00fcsse und manchmal auch einige Trockenfr\u00fcchte entdecken. Von der Spitze dieser M\u00fchlsteine blicken einige Jahre auf Sie herab.<\/p>\n","protected":false},"excerpt":{"rendered":"<p>Dies ist der \u00e4lteste aller unserer Comt\u00e9-Crus.<\/p>\n","protected":false},"featured_media":4683,"template":"","meta":{"_acf_changed":false,"footnotes":""},"types_fromage":[44],"class_list":["post-2452","fromage","type-fromage","status-publish","has-post-thumbnail","hentry","types_fromage-hart-kaese"],"acf":[],"yoast_head":"<!-- This site is optimized with the Yoast SEO plugin v25.5 - https:\/\/yoast.com\/wordpress\/plugins\/seo\/ -->\n<title>Comt\u00e9 Hors d&#039;Age | Fromagerie Antony<\/title>\n<meta name=\"robots\" content=\"index, follow, max-snippet:-1, max-image-preview:large, max-video-preview:-1\" \/>\n<link rel=\"canonical\" href=\"https:\/\/www.fromagerieantony.fr\/de\/fromage\/comte-hors-dage\/\" \/>\n<meta property=\"og:locale\" content=\"de_DE\" \/>\n<meta property=\"og:type\" content=\"article\" \/>\n<meta property=\"og:title\" content=\"Comt\u00e9 Hors d&#039;Age | Fromagerie Antony\" \/>\n<meta property=\"og:description\" content=\"Dies ist der \u00e4lteste aller unserer Comt\u00e9-Crus.\" \/>\n<meta property=\"og:url\" content=\"https:\/\/www.fromagerieantony.fr\/de\/fromage\/comte-hors-dage\/\" \/>\n<meta property=\"og:site_name\" content=\"Fromagerie Antony\" \/>\n<meta property=\"article:publisher\" content=\"https:\/\/www.facebook.com\/pages\/Fromagerie-Antony\/175485739234966\" \/>\n<meta property=\"article:modified_time\" content=\"2023-11-20T17:53:56+00:00\" \/>\n<meta property=\"og:image\" content=\"https:\/\/www.fromagerieantony.fr\/wp-content\/uploads\/2023\/01\/Photo-temporaire-fromages-825x647-1.jpg\" \/>\n\t<meta property=\"og:image:width\" content=\"825\" \/>\n\t<meta property=\"og:image:height\" content=\"647\" \/>\n\t<meta property=\"og:image:type\" content=\"image\/jpeg\" \/>\n<meta name=\"twitter:card\" content=\"summary_large_image\" \/>\n<meta name=\"twitter:label1\" content=\"Gesch\u00e4tzte Lesezeit\" \/>\n\t<meta name=\"twitter:data1\" content=\"1\u00a0Minute\" \/>\n<script type=\"application\/ld+json\" class=\"yoast-schema-graph\">{\"@context\":\"https:\/\/schema.org\",\"@graph\":[{\"@type\":\"WebPage\",\"@id\":\"https:\/\/www.fromagerieantony.fr\/de\/fromage\/comte-hors-dage\/\",\"url\":\"https:\/\/www.fromagerieantony.fr\/de\/fromage\/comte-hors-dage\/\",\"name\":\"Comt\u00e9 Hors d'Age | Fromagerie Antony\",\"isPartOf\":{\"@id\":\"https:\/\/www.fromagerieantony.fr\/de\/#website\"},\"primaryImageOfPage\":{\"@id\":\"https:\/\/www.fromagerieantony.fr\/de\/fromage\/comte-hors-dage\/#primaryimage\"},\"image\":{\"@id\":\"https:\/\/www.fromagerieantony.fr\/de\/fromage\/comte-hors-dage\/#primaryimage\"},\"thumbnailUrl\":\"https:\/\/www.fromagerieantony.fr\/wp-content\/uploads\/2023\/01\/comte-hors-dage.png\",\"datePublished\":\"2023-01-06T15:55:10+00:00\",\"dateModified\":\"2023-11-20T17:53:56+00:00\",\"breadcrumb\":{\"@id\":\"https:\/\/www.fromagerieantony.fr\/de\/fromage\/comte-hors-dage\/#breadcrumb\"},\"inLanguage\":\"de\",\"potentialAction\":[{\"@type\":\"ReadAction\",\"target\":[\"https:\/\/www.fromagerieantony.fr\/de\/fromage\/comte-hors-dage\/\"]}]},{\"@type\":\"ImageObject\",\"inLanguage\":\"de\",\"@id\":\"https:\/\/www.fromagerieantony.fr\/de\/fromage\/comte-hors-dage\/#primaryimage\",\"url\":\"https:\/\/www.fromagerieantony.fr\/wp-content\/uploads\/2023\/01\/comte-hors-dage.png\",\"contentUrl\":\"https:\/\/www.fromagerieantony.fr\/wp-content\/uploads\/2023\/01\/comte-hors-dage.png\",\"width\":1024,\"height\":1024},{\"@type\":\"BreadcrumbList\",\"@id\":\"https:\/\/www.fromagerieantony.fr\/de\/fromage\/comte-hors-dage\/#breadcrumb\",\"itemListElement\":[{\"@type\":\"ListItem\",\"position\":1,\"name\":\"Startseite\",\"item\":\"https:\/\/www.fromagerieantony.fr\/de\/\"},{\"@type\":\"ListItem\",\"position\":2,\"name\":\"K\u00e4se\",\"item\":\"https:\/\/www.fromagerieantony.fr\/de\/fromages\/\"},{\"@type\":\"ListItem\",\"position\":3,\"name\":\"Hartk\u00e4se\",\"item\":\"https:\/\/www.fromagerieantony.fr\/de\/type-fromage\/hart-kaese\/\"},{\"@type\":\"ListItem\",\"position\":4,\"name\":\"Comt\u00e9 Hors d&#8217;Age\"}]},{\"@type\":\"WebSite\",\"@id\":\"https:\/\/www.fromagerieantony.fr\/de\/#website\",\"url\":\"https:\/\/www.fromagerieantony.fr\/de\/\",\"name\":\"Fromagerie Antony\",\"description\":\"Eleveur de fromages\",\"publisher\":{\"@id\":\"https:\/\/www.fromagerieantony.fr\/de\/#organization\"},\"potentialAction\":[{\"@type\":\"SearchAction\",\"target\":{\"@type\":\"EntryPoint\",\"urlTemplate\":\"https:\/\/www.fromagerieantony.fr\/de\/?s={search_term_string}\"},\"query-input\":{\"@type\":\"PropertyValueSpecification\",\"valueRequired\":true,\"valueName\":\"search_term_string\"}}],\"inLanguage\":\"de\"},{\"@type\":\"Organization\",\"@id\":\"https:\/\/www.fromagerieantony.fr\/de\/#organization\",\"name\":\"Fromagerie Antony\",\"url\":\"https:\/\/www.fromagerieantony.fr\/de\/\",\"logo\":{\"@type\":\"ImageObject\",\"inLanguage\":\"de\",\"@id\":\"https:\/\/www.fromagerieantony.fr\/de\/#\/schema\/logo\/image\/\",\"url\":\"https:\/\/www.fromagerieantony.fr\/wp-content\/uploads\/2022\/12\/logo.png\",\"contentUrl\":\"https:\/\/www.fromagerieantony.fr\/wp-content\/uploads\/2022\/12\/logo.png\",\"width\":249,\"height\":137,\"caption\":\"Fromagerie Antony\"},\"image\":{\"@id\":\"https:\/\/www.fromagerieantony.fr\/de\/#\/schema\/logo\/image\/\"},\"sameAs\":[\"https:\/\/www.facebook.com\/pages\/Fromagerie-Antony\/175485739234966\"]}]}<\/script>\n<!-- \/ Yoast SEO plugin. -->","yoast_head_json":{"title":"Comt\u00e9 Hors d'Age | Fromagerie Antony","robots":{"index":"index","follow":"follow","max-snippet":"max-snippet:-1","max-image-preview":"max-image-preview:large","max-video-preview":"max-video-preview:-1"},"canonical":"https:\/\/www.fromagerieantony.fr\/de\/fromage\/comte-hors-dage\/","og_locale":"de_DE","og_type":"article","og_title":"Comt\u00e9 Hors d'Age | Fromagerie Antony","og_description":"Dies ist der \u00e4lteste aller unserer Comt\u00e9-Crus.","og_url":"https:\/\/www.fromagerieantony.fr\/de\/fromage\/comte-hors-dage\/","og_site_name":"Fromagerie Antony","article_publisher":"https:\/\/www.facebook.com\/pages\/Fromagerie-Antony\/175485739234966","article_modified_time":"2023-11-20T17:53:56+00:00","og_image":[{"width":825,"height":647,"url":"https:\/\/www.fromagerieantony.fr\/wp-content\/uploads\/2023\/01\/Photo-temporaire-fromages-825x647-1.jpg","type":"image\/jpeg"}],"twitter_card":"summary_large_image","twitter_misc":{"Gesch\u00e4tzte Lesezeit":"1\u00a0Minute"},"schema":{"@context":"https:\/\/schema.org","@graph":[{"@type":"WebPage","@id":"https:\/\/www.fromagerieantony.fr\/de\/fromage\/comte-hors-dage\/","url":"https:\/\/www.fromagerieantony.fr\/de\/fromage\/comte-hors-dage\/","name":"Comt\u00e9 Hors d'Age | Fromagerie Antony","isPartOf":{"@id":"https:\/\/www.fromagerieantony.fr\/de\/#website"},"primaryImageOfPage":{"@id":"https:\/\/www.fromagerieantony.fr\/de\/fromage\/comte-hors-dage\/#primaryimage"},"image":{"@id":"https:\/\/www.fromagerieantony.fr\/de\/fromage\/comte-hors-dage\/#primaryimage"},"thumbnailUrl":"https:\/\/www.fromagerieantony.fr\/wp-content\/uploads\/2023\/01\/comte-hors-dage.png","datePublished":"2023-01-06T15:55:10+00:00","dateModified":"2023-11-20T17:53:56+00:00","breadcrumb":{"@id":"https:\/\/www.fromagerieantony.fr\/de\/fromage\/comte-hors-dage\/#breadcrumb"},"inLanguage":"de","potentialAction":[{"@type":"ReadAction","target":["https:\/\/www.fromagerieantony.fr\/de\/fromage\/comte-hors-dage\/"]}]},{"@type":"ImageObject","inLanguage":"de","@id":"https:\/\/www.fromagerieantony.fr\/de\/fromage\/comte-hors-dage\/#primaryimage","url":"https:\/\/www.fromagerieantony.fr\/wp-content\/uploads\/2023\/01\/comte-hors-dage.png","contentUrl":"https:\/\/www.fromagerieantony.fr\/wp-content\/uploads\/2023\/01\/comte-hors-dage.png","width":1024,"height":1024},{"@type":"BreadcrumbList","@id":"https:\/\/www.fromagerieantony.fr\/de\/fromage\/comte-hors-dage\/#breadcrumb","itemListElement":[{"@type":"ListItem","position":1,"name":"Startseite","item":"https:\/\/www.fromagerieantony.fr\/de\/"},{"@type":"ListItem","position":2,"name":"K\u00e4se","item":"https:\/\/www.fromagerieantony.fr\/de\/fromages\/"},{"@type":"ListItem","position":3,"name":"Hartk\u00e4se","item":"https:\/\/www.fromagerieantony.fr\/de\/type-fromage\/hart-kaese\/"},{"@type":"ListItem","position":4,"name":"Comt\u00e9 Hors d&#8217;Age"}]},{"@type":"WebSite","@id":"https:\/\/www.fromagerieantony.fr\/de\/#website","url":"https:\/\/www.fromagerieantony.fr\/de\/","name":"Fromagerie Antony","description":"Eleveur de fromages","publisher":{"@id":"https:\/\/www.fromagerieantony.fr\/de\/#organization"},"potentialAction":[{"@type":"SearchAction","target":{"@type":"EntryPoint","urlTemplate":"https:\/\/www.fromagerieantony.fr\/de\/?s={search_term_string}"},"query-input":{"@type":"PropertyValueSpecification","valueRequired":true,"valueName":"search_term_string"}}],"inLanguage":"de"},{"@type":"Organization","@id":"https:\/\/www.fromagerieantony.fr\/de\/#organization","name":"Fromagerie Antony","url":"https:\/\/www.fromagerieantony.fr\/de\/","logo":{"@type":"ImageObject","inLanguage":"de","@id":"https:\/\/www.fromagerieantony.fr\/de\/#\/schema\/logo\/image\/","url":"https:\/\/www.fromagerieantony.fr\/wp-content\/uploads\/2022\/12\/logo.png","contentUrl":"https:\/\/www.fromagerieantony.fr\/wp-content\/uploads\/2022\/12\/logo.png","width":249,"height":137,"caption":"Fromagerie Antony"},"image":{"@id":"https:\/\/www.fromagerieantony.fr\/de\/#\/schema\/logo\/image\/"},"sameAs":["https:\/\/www.facebook.com\/pages\/Fromagerie-Antony\/175485739234966"]}]}},"_links":{"self":[{"href":"https:\/\/www.fromagerieantony.fr\/de\/wp-json\/wp\/v2\/fromage\/2452","targetHints":{"allow":["GET"]}}],"collection":[{"href":"https:\/\/www.fromagerieantony.fr\/de\/wp-json\/wp\/v2\/fromage"}],"about":[{"href":"https:\/\/www.fromagerieantony.fr\/de\/wp-json\/wp\/v2\/types\/fromage"}],"version-history":[{"count":1,"href":"https:\/\/www.fromagerieantony.fr\/de\/wp-json\/wp\/v2\/fromage\/2452\/revisions"}],"predecessor-version":[{"id":2453,"href":"https:\/\/www.fromagerieantony.fr\/de\/wp-json\/wp\/v2\/fromage\/2452\/revisions\/2453"}],"wp:featuredmedia":[{"embeddable":true,"href":"https:\/\/www.fromagerieantony.fr\/de\/wp-json\/wp\/v2\/media\/4683"}],"wp:attachment":[{"href":"https:\/\/www.fromagerieantony.fr\/de\/wp-json\/wp\/v2\/media?parent=2452"}],"wp:term":[{"taxonomy":"types_fromage","embeddable":true,"href":"https:\/\/www.fromagerieantony.fr\/de\/wp-json\/wp\/v2\/types_fromage?post=2452"}],"curies":[{"name":"wp","href":"https:\/\/api.w.org\/{rel}","templated":true}]}}

Comté Hors d&#8217;Age

<p>Dies ist der älteste aller unserer Comté-Crus.</p>

<p>Der seltenste und begehrteste Käse, ein mythischer, ja sogar mystischer Käse, denn die Alchimie, die bei der Herstellung eines so alten Käses abläuft, ist zahlreich und nicht immer gut beherrscht, was wir mit Bescheidenheit anerkennen.</p>

<p>Denn wie schon bei unserem Comté Réserve und unserem Comté Grande Garde erwähnt, die alle einsame Wächter an der Grenze zwischen dem Käse, der altert, und dem, der reift, sind, was ist mit dem Käse, der zwischen 38 und 48 Monaten verkostet wird? Mehr als selten sind die Stücke, die zu einer solchen Lagerung fähig sind, und wir wählen sie trotz der Schwierigkeiten, die mit einer solchen Reifung einhergehen, weiterhin aus, da sie zum Symbol unseres Hauses und der Kunst der Reifung geworden sind.</p>

<p>Wir bieten ihn jedoch sparsam an und weisen darauf hin, dass man sich bewusst sein muss, dass es sich hier nicht mehr um Comté handelt, sondern um einen anderen Käse, den man als Kenner oder zumindest mit Kenntnis der Sachlage genießen sollte.<br/>In diesem Alter ist die Kristallisation des Teigs auf dem Höhepunkt, die Kruste ist gequälter als je zuvor, und alles drückt den Ehrwürdigen aus. Um ihn voll zu genießen, muss man ihn in leichten Spänen probieren, denn die Salznoten sind hoch, die Kräuter sind getrocknet, und obwohl noch ein wenig Fett vorhanden ist, ist die Materie streng, aber offen und direkt, ohne Vorrede. Man wird eine Unze Trüffel, Nüsse und manchmal auch einige Trockenfrüchte entdecken. Von der Spitze dieser Mühlsteine blicken einige Jahre auf Sie herab.</p>

<p>Dies ist der älteste aller unserer Comté-Crus.</p>

<!-- This site is optimized with the Yoast SEO plugin v25.5 - https://yoast.com/wordpress/plugins/seo/ -->
<title>Comté Hors d&#039;Age | Fromagerie Antony</title>
<meta name="robots" content="index, follow, max-snippet:-1, max-image-preview:large, max-video-preview:-1" />
<link rel="canonical" href="https://www.fromagerieantony.fr/de/fromage/comte-hors-dage/" />
<meta property="og:locale" content="de_DE" />
<meta property="og:type" content="article" />
<meta property="og:title" content="Comté Hors d&#039;Age | Fromagerie Antony" />
<meta property="og:description" content="Dies ist der älteste aller unserer Comté-Crus." />
<meta property="og:url" content="https://www.fromagerieantony.fr/de/fromage/comte-hors-dage/" />
<meta property="og:site_name" content="Fromagerie Antony" />
<meta property="article:publisher" content="https://www.facebook.com/pages/Fromagerie-Antony/175485739234966" />
<meta property="article:modified_time" content="2023-11-20T17:53:56+00:00" />
<meta property="og:image" content="https://www.fromagerieantony.fr/wp-content/uploads/2023/01/Photo-temporaire-fromages-825x647-1.jpg" />
	<meta property="og:image:width" content="825" />
	<meta property="og:image:height" content="647" />
	<meta property="og:image:type" content="image/jpeg" />
<meta name="twitter:card" content="summary_large_image" />
<meta name="twitter:label1" content="Geschätzte Lesezeit" />
	<meta name="twitter:data1" content="1 Minute" />
<script type="application/ld+json" class="yoast-schema-graph">{"@context":"https://schema.org","@graph":[{"@type":"WebPage","@id":"https://www.fromagerieantony.fr/de/fromage/comte-hors-dage/","url":"https://www.fromagerieantony.fr/de/fromage/comte-hors-dage/","name":"Comté Hors d'Age | Fromagerie Antony","isPartOf":{"@id":"https://www.fromagerieantony.fr/de/#website"},"primaryImageOfPage":{"@id":"https://www.fromagerieantony.fr/de/fromage/comte-hors-dage/#primaryimage"},"image":{"@id":"https://www.fromagerieantony.fr/de/fromage/comte-hors-dage/#primaryimage"},"thumbnailUrl":"https://www.fromagerieantony.fr/wp-content/uploads/2023/01/comte-hors-dage.png","datePublished":"2023-01-06T15:55:10+00:00","dateModified":"2023-11-20T17:53:56+00:00","breadcrumb":{"@id":"https://www.fromagerieantony.fr/de/fromage/comte-hors-dage/#breadcrumb"},"inLanguage":"de","potentialAction":[{"@type":"ReadAction","target":["https://www.fromagerieantony.fr/de/fromage/comte-hors-dage/"]}]},{"@type":"ImageObject","inLanguage":"de","@id":"https://www.fromagerieantony.fr/de/fromage/comte-hors-dage/#primaryimage","url":"https://www.fromagerieantony.fr/wp-content/uploads/2023/01/comte-hors-dage.png","contentUrl":"https://www.fromagerieantony.fr/wp-content/uploads/2023/01/comte-hors-dage.png","width":1024,"height":1024},{"@type":"BreadcrumbList","@id":"https://www.fromagerieantony.fr/de/fromage/comte-hors-dage/#breadcrumb","itemListElement":[{"@type":"ListItem","position":1,"name":"Startseite","item":"https://www.fromagerieantony.fr/de/"},{"@type":"ListItem","position":2,"name":"Käse","item":"https://www.fromagerieantony.fr/de/fromages/"},{"@type":"ListItem","position":3,"name":"Hartkäse","item":"https://www.fromagerieantony.fr/de/type-fromage/hart-kaese/"},{"@type":"ListItem","position":4,"name":"Comté Hors d&#8217;Age"}]},{"@type":"WebSite","@id":"https://www.fromagerieantony.fr/de/#website","url":"https://www.fromagerieantony.fr/de/","name":"Fromagerie Antony","description":"Eleveur de fromages","publisher":{"@id":"https://www.fromagerieantony.fr/de/#organization"},"potentialAction":[{"@type":"SearchAction","target":{"@type":"EntryPoint","urlTemplate":"https://www.fromagerieantony.fr/de/?s={search_term_string}"},"query-input":{"@type":"PropertyValueSpecification","valueRequired":true,"valueName":"search_term_string"}}],"inLanguage":"de"},{"@type":"Organization","@id":"https://www.fromagerieantony.fr/de/#organization","name":"Fromagerie Antony","url":"https://www.fromagerieantony.fr/de/","logo":{"@type":"ImageObject","inLanguage":"de","@id":"https://www.fromagerieantony.fr/de/#/schema/logo/image/","url":"https://www.fromagerieantony.fr/wp-content/uploads/2022/12/logo.png","contentUrl":"https://www.fromagerieantony.fr/wp-content/uploads/2022/12/logo.png","width":249,"height":137,"caption":"Fromagerie Antony"},"image":{"@id":"https://www.fromagerieantony.fr/de/#/schema/logo/image/"},"sameAs":["https://www.facebook.com/pages/Fromagerie-Antony/175485739234966"]}]}</script>
<!-- / Yoast SEO plugin. -->

Comté Hors d'Age | Fromagerie Antony

Dies ist der älteste aller unserer Comté-Crus.

Käse

Hartkäse
